= m*b - 257, -4*b + 4*r + 251 = -261. Let p = b - 77. What is the greatest common divisor of p and 10?
10
Let h = 1139 - 1116. Calculate the greatest common divisor of 989 and h.
23
Let n = 20 + 4. Let z = -15 + n. What is the greatest common divisor of z and 45?
9
Suppose -10*t + 51 = -489. Suppose -11*d + 8*d = -t. What is the highest common divisor of d and 72?
18
Let m be (-55)/(-6) + 3/(-18). Suppose -26*f + 3843 = 35*f. Calculate the highest common factor of f and m.
9
Suppose u + 2*v + 172 = 4*u, 2*u = -4*v + 136. Let q = u + -24. Calculate the highest common divisor of 4 and q.
4
Let b(q) = -3 - q**2 - q + 1 + 0. Let a be b(2). Let t = 2 - a. What is the highest common divisor of 70 and t?
10
Suppose 3*t - 2*j - 11 = 0, -1 = -t + 2*j + 4. Suppose -2*g = -13 + t. Calculate the greatest common factor of g and 55.
5
Let y(u) = u**3 - 10*u**2 + 28*u + 10. Let b be y(5). What is the greatest common divisor of b and 175?
25
Let c be (-6)/12 - ((-66)/4)/3. Suppose 0 = 11*r - 12*r + c. What is the highest common divisor of r and 5?
5
Let w = 159 + -157. What is the greatest common divisor of 1 and w?
1
Let a = 105 + -89. Let f be (12 + -1)/(3/144*3). What is the highest common factor of f and a?
16
Let n be 14/6 + 6/(-18). Suppose -3*f = j - 1, 2*f = -3*j + j - n. Let b(k) = 9*k - 3. Let s be b(f). What is the highest common factor of s and 54?
6
Suppose 3*n + 4*c = 89, -4*n + 3*c = -103 - 49. Let d = -217 - -224. Calculate the highest common factor of d and n.
7
Let w be 0/(5 + 0 + -4) + 30. Calculate the greatest common divisor of w and 15.
15
Let m(q) be the first derivative of q**2/2 + 2*q + 555. Let n(a) = a**2 + a + 16. Let k be n(0). Let w be m(k). What is the greatest common factor of w and 9?
9
Let k be ((-6)/(36/10))/((-2)/6). Suppose 5*s + b - 21 = 51, -k*b - 15 = 0. What is the highest common factor of 10 and s?
5
Suppose 4*s + 1386 = -1470. Let x be s/(-91) - 2/(-13). Suppose -96 = -4*y + 5*b, b = 2*y - 4*b - 48. Calculate the greatest common divisor of y and x.
8
Let r be (-8190)/(-260)*((-8)/(-3) - 2). Calculate the greatest common divisor of r and 1239.
21
Suppose -39*u = 404 - 3290. Calculate the greatest common factor of u and 1258.
74
Let b be 22/(-6)*-3 - 4. Let s be (b/4)/((-8)/(-32)). Suppose 3*a - 28 = -4*d, -4 = -2*d - a + 10. Calculate the greatest common factor of d and s.
7
Let n be (28 + -38)*(-4 + -2). What is the greatest common divisor of n and 495?
15
Suppose i = -3*f - 9, i - 24 = 3*f - 9. Suppose y = -2*y. Suppose -g = -i*z + 12, 4*g = z - y - 4. Calculate the highest common factor of 36 and z.
4
Let o = 65 - 65. Let r(j) = -j**2 - j + 20. Let d be r(o). What is the highest common divisor of 160 and d?
20
Let y be -6 + -10 + 8 + 12. What is the highest common factor of 26 and y?
2
Suppose -4*t = -6*t. Suppose t = 6*v + 6 - 30. Calculate the highest common divisor of v and 28.
4
Let c be (1 - 56/40)/((-1)/65). Calculate the highest common divisor of 988 and c.
26
Suppose -2*m = -5*f + 2*m + 7, -f - 16 = 5*m. Let o(r) = -9*r - 1. Let u be o(f). Calculate the highest common factor of u and 40.
8
Let i be (-2 - 3 - -6) + 6. Calculate the highest common divisor of 112 and i.
7
Let f be (2/3)/((-3)/(-45)). Suppose 18*s + 700 = 32*s. What is the highest common factor of s and f?
10
Suppose 51 = -3*z + 99. Calculate the greatest common factor of z and 40.
8
Let n = 2 - -2. Suppose -188 = b - 5*b. Suppose 0 = -n*u + 53 + b. What is the highest common divisor of 10 and u?
5
Let b be (-9)/(3 - 6)*(-660)/(-18). Calculate the highest common factor of b and 440.
110
Suppose 699 = -7*u + 4570. Let c = u + -266. What is the highest common divisor of 41 and c?
41
Let r = 19 - 9. Let d be (-7 - -3 - -1) + 20. Let w = 19 - d. What is the greatest common divisor of w and r?
2
Let c(t) = 7*t**3 + 2*t**2 - 1. Let n be c(1). Suppose 2*g - n = -0*g. Suppose g*b + 23 = 79. What is the greatest common factor of b and 35?
7
Let n be 31/(-4) - (22/(-8) - -3). Let i be (-28)/6*(n + -1). Suppose 0 = -3*j - j + 112. What is the highest common divisor of j and i?
14
Let y be (-1 - 0)*(-30 - -4). Let x = y - 4. What is the greatest common divisor of x and 88?
22
Let d be 4 - (-6 + 4 + -111). Let r = 146 + -133. Calculate the highest common divisor of d and r.
13
Suppose -4*m - y + 274 + 69 = 0, 2*y = 2*m - 184. What is the highest common divisor of 58 and m?
29
Let b be 6/(-9) + 22/6. Suppose 0 = 5*i + b - 18. Suppose 0*k - 4*k + 45 = q, -5*q + 150 = -5*k. What is the greatest common factor of q and i?
3
Let i = 13 - 6. Let m be -8 + 20/(3 + 2). Let n be (-2 - 6 - m) + 67. Calculate the highest common factor of i and n.
7
Let a(k) be the first derivative of k**3/3 - 7*k**2/2 + 13*k + 5. Let c be a(6). Let j = c - -2. What is the greatest common factor of 63 and j?
9
Let v = 176 + -166. What is the greatest common divisor of 15 and v?
5
Let s be 0 - -2 - (3 + -2) - -528. Suppose s - 109 = 7*f. Calculate the highest common divisor of 20 and f.
20
Let h be 7 + 9/(-2 - 1). Suppose -4*s + h = -3*s. Suppose 44 = s*x - 4. Calculate the highest common factor of x and 96.
12
Suppose 0 = 13*t - 9*t + 3*m - 135, -2*t + 62 = -4*m. What is the greatest common divisor of 891 and t?
33
Suppose 3*t = 4*z - 51 - 70, 4*z = 2*t + 126. Suppose -z*c + 33*c = -266. Calculate the highest common factor of 38 and c.
38
Let n be ((-86)/4 + -2)/(141/(-3948)). What is the greatest common divisor of n and 28?
14
Let s be 96/(-10) - (-45)/75. Let k = s - 3. Let v be (3 + 0)*(-40)/k. Calculate the greatest common divisor of 90 and v.
10
Let h(y) = 59*y**2 + 2*y - 4. Let x be h(3). What is the highest common divisor of 41 and x?
41
Let l(u) = u**3 - 11*u**2 - 28*u + 28. Let x be l(13). Calculate the greatest common factor of x and 3.
1
Suppose -7*i - 4*p - 232 = -11*i, -p - 247 = -4*i. Calculate the highest common factor of 18 and i.
9
Let v = -66 - -54. Let k(m) = 2*m**2 + 22*m - 4. Let n be k(v). What is the greatest common divisor of 20 and n?
20
Let q be (-9)/(-2)*2/3. Suppose 3*k + q*z - 15 = 0, k + 4*z = -4*k + 29. Calculate the highest common divisor of k and 27.
9
Suppose 49*h - 18 = 48*h. Suppose 87 = 4*k + 5*l - 52, 4*l + 4 = 0. Calculate the highest common divisor of k and h.
18
Let r(q) = 2*q - 6 + 18*q - 6 + 1. Let z be r(2). What is the greatest common factor of 116 and z?
29
Suppose -16 = -2*g + 3*q, 5*g - 2*q - 44 - 18 = 0. Let r = g - -13. Calculate the greatest common divisor of 27 and r.
27
Suppose -5*l + 10*l = 0. Suppose l = -4*o + o + 162. Let k = 16 + o. Calculate the highest common divisor of k and 10.
10
Suppose 0 = -0*d - d + 3. Suppose -7*v + d*v + 408 = -5*a, -3*a + 204 = 2*v. Calculate the highest common factor of 34 and v.
34
Let a be (-10 - -9)/(2/(-6)). Suppose -165 = -8*n + a*n. Calculate the highest common factor of n and 44.
11
Let f = -52 + 60. Suppose 0 = -2*i + 3*j + 9, f*i - 5*j - 20 = 3*i. What is the greatest common divisor of 2 and i?
1
Let n = 190 + -151. What is the highest common factor of 3 and n?
3
Let u(x) = x**2 + 26*x - 50. Let w be u(-28). What is the greatest common factor of w and 3?
3
Suppose -289 + 321 = l. What is the highest common factor of 720 and l?
16
Suppose 11815 + 1145 = 27*k. What is the highest common divisor of k and 6?
6
Let s = 13 - 11. Let h = s - -22. What is the greatest common factor of h and 60?
12
Let x = 11 + -9. Suppose -11 - 7 = -3*p. What is the greatest common factor of p and x?
2
Suppose 0 = -2*p + 4*q + 62, 0*p - 4*p + 149 = -3*q. Calculate the highest common divisor of 205 and p.
41
Suppose -388 - 542 = 15*z. Let j = 28 - z. Calculate the greatest common divisor of j and 30.
30
Suppose a + 2*l = 176, -2*a + 4*l = -0*a - 344. Calculate the greatest common factor of a and 6.
6
Suppose -2*a - a - 115 = -4*o, 55 = 2*o - a. Let y = o - 13. Calculate the greatest common divisor of y and 6.
6
Let o(m) = 11*m - 3. Suppose -23*y + 16*y = -42. Let v be o(y). What is the greatest common factor of v and 42?
21
Suppose -695*o + 700*o = 4230. What is the highest common factor of 18 and o?
18
Let y(v) = -5*v**3 + 6*v**2 + 8*v + 14. Let w(t) = -t**3 + 1. Let z(b) = 6*w(b) - y(b). Let c be z(-5). What is the greatest common divisor of c and 14?
7
Let w(b) = -b - 7. Let o be w(-10). Suppose 5*x = -o*j + 1